{"id":1302,"date":"2025-07-03T20:30:49","date_gmt":"2025-07-03T18:30:49","guid":{"rendered":"https:\/\/www.nfs.org.pl\/?page_id=1302"},"modified":"2025-08-20T22:36:05","modified_gmt":"2025-08-20T20:36:05","slug":"kurs-cbt-i-20-21-09-2025","status":"publish","type":"page","link":"https:\/\/www.nfs.org.pl\/index.php\/dzialalnosc\/kursy-szkolenia\/kurs-cbt-i-20-21-09-2025\/","title":{"rendered":"Kurs CBT-I 20-21.09.2025"},"content":{"rendered":"\n<h1 class=\"wp-block-heading\"><strong>KURS TERAPIA POZNAWCZO-BEHAWIORALNA BEZSENNO\u015aCI&nbsp;<\/strong><\/h1>\n\n\n\n<p class=\"has-vivid-red-color has-text-color has-link-color wp-elements-02fc84a5c93bff26e71982035d0334cb\"><strong>Zapisy na kurs zako\u0144czono, informacja o kolejnych edycjach kursu zostanie podana w styczniu 2026 roku.<\/strong><br>\u00a0<\/p>\n\n\n\n<p><strong>Akredytowany przez Europejskie Towarzystwo Bada\u0144 nad Snem<\/strong><\/p>\n\n\n\n<p><br><span style=\"text-decoration: underline;\">Termin:  <\/span>20-21 wrze\u015bnia 2025 r.<br><\/p>\n\n\n\n<p><span style=\"text-decoration: underline;\">Tematyka kursu:<\/span><\/p>\n\n\n\n<ul class=\"wp-block-list\">\n<li>Metody oceny snu<\/li>\n\n\n\n<li>Klasyfikacja zaburze\u0144 snu<\/li>\n\n\n\n<li>Bezsenno\u015b\u0107 \u2013 epidemiologia, patofizjologia, diagnoza<\/li>\n\n\n\n<li>Bezsenno\u015b\u0107 w zaburzeniach psychicznych<\/li>\n\n\n\n<li>Bezsenno\u015b\u0107<\/li>\n\n\n\n<li>Behawioralny model powstawania&nbsp; bezsenno\u015bci (model Spielman\u2019a)<\/li>\n\n\n\n<li>Techniki behawioralne w leczeniu bezsenno\u015bci\n<ul class=\"wp-block-list\">\n<li>praca z dziennikami snu<\/li>\n\n\n\n<li>metoda ograniczenia p\u00f3r snu<\/li>\n\n\n\n<li>trening relaksacyjny<\/li>\n<\/ul>\n<\/li>\n\n\n\n<li>Aktualne standardy leczenia bezsenno\u015bci, miejsce farmako- i psychoterapii<\/li>\n\n\n\n<li>Farmakoterapia bezsenno\u015bci, wp\u0142yw lek\u00f3w na sen<\/li>\n\n\n\n<li>Zasady higieny snu<\/li>\n\n\n\n<li>Poznawcze modele powstawania bezsenno\u015bci<\/li>\n\n\n\n<li>Terapia poznawcza bezsenno\u015bci\n<ul class=\"wp-block-list\">\n<li>wydobywanie i przeformu\u0142owywanie dysfunkcjonalnych przekona\u0144 zwi\u0105zanych z bezsenno\u015bci\u0105<\/li>\n\n\n\n<li>techniki pracy nad nadmiern\u0105 kontrol\u0105 umys\u0142ow\u0105 w bezsenno\u015bci (l\u0119kiem przed my\u015blami, t\u0142umieniem my\u015bli)<\/li>\n<\/ul>\n<\/li>\n\n\n\n<li>Terapia poznawczo-behawioralna bezsenno\u015bci krok po kroku \u2013 studia przypadk\u00f3w<\/li>\n\n\n\n<li>Mo\u017cliwo\u015bci wdra\u017cania CBT-I; CBT-I w Polsce \u2013 dyskusja<\/li>\n<\/ul>\n\n\n\n<p><br>Kurs zako\u0144czony jest egzaminem pisemnym w formie testowej. Pozytywny wynik egzaminu umo\u017cliwia otrzymanie certyfikatu uko\u0144czenia szkolenia na poziomie zaawansowanym, kt\u00f3rego program akredytowany jest przez&nbsp;Europejskie Towarzystwo Bada\u0144 nad Snem.<br><\/p>\n\n\n\n<p><span style=\"text-decoration: underline;\">Wyk\u0142adowcy:<\/span><br>Lekarze i psycholodzy:<br>Eksperci Medycyny Snu Polskiego Towarzystwa Bada\u0144 nad Snem<br>Pracownicy O\u015brodka Medycyny Snu, Instytut Psychiatrii i Neurologii w Warszawie<br><\/p>\n\n\n\n<p><span style=\"text-decoration: underline;\">Organizatorzy:<\/span><br><a href=\"http:\/\/www.medycynasnu.pl\">Polskie Towarzystwo Bada\u0144 nad Snem<\/a>  <br><a href=\"http:\/\/www.sen-instytut.pl\">O\u015brodek Medycyny Snu Instytutu Psychiatrii i Neurologii  <\/a><br>Narodowa Fundacja Snu <br>&nbsp;<br>&nbsp;<br><span style=\"text-decoration: underline;\">Kierownik Kursu:<\/span><br>Joanna Salbert (e-mail: <a href=\"mailto:jsalbert@ipin.edu.pl\">jsalbert@ipin.edu.pl<\/a>)<br>&nbsp;<br><span style=\"text-decoration: underline;\">Miejsce: <\/span><\/p>\n\n\n\n<p>UW CZP ul. Gopla\u0144ska 35a, 02-956 Warszawa<br><\/p>\n\n\n\n<p><span style=\"text-decoration: underline;\">Koszt kursu:<\/span><br>1450 z\u0142<br>1350 z\u0142 \u2013 dla cz\u0142onk\u00f3w Polskiego Towarzystwa Bada\u0144 nad Snem (prosimy o op\u0142acenie sk\u0142adek)<br>Obejmuje:<br>Uczestnictwo w kursie<br>Materia\u0142y szkoleniowe<br>Kawa, herbata, drobne przek\u0105ski, lunch<\/p>\n\n\n\n<p>&nbsp;<br><span style=\"text-decoration: underline;\">Zapisy:<\/span><br>Prosimy o przesy\u0142anie wype\u0142nionej ankiety zg\u0142oszeniowej poczt\u0105 elektroniczn\u0105 na adres <a href=\"mailto:mskrzynska@ipin.edu.pl\">mskrzynska@ipin.edu.pl<\/a>.&nbsp; <\/p>\n\n\n\n<p><a href=\"http:\/\/www.sen-instytut.pl\/PDF\/Ankieta%20zg%C5%82oszeniowa_2025_10.pdf\">Ankieta zg\u0142oszeniowa<\/a><\/p>\n\n\n\n<p><a href=\"http:\/\/www.sen-instytut.pl\/PDF\/Regulamin-v.2.pdf\">Regulamin uczestnictwa w k<\/a><a href=\"http:\/\/Regulamin uczestnictwa w kursie\">ursie<\/a><\/p>\n\n\n\n<p><a href=\"http:\/\/www.sen-instytut.pl\/PDF\/wzor-formularza-odstapienia-od-umowy.pdf\">Wz\u00f3r formularza odst\u0105pienia od umowy<\/a><\/p>\n\n\n\n<p><a href=\"http:\/\/www.sen-instytut.pl\/PDF\/Program%20Kurs%202-dniowy%20CBT-I_2025_10.pdf\">Program kursu<\/a><\/p>\n\n\n\n<p>Osoby zakwalifikowane na kurs (decyduje kolejno\u015b\u0107 zg\u0142osze\u0144) zostan\u0105 o tym powiadomione poczt\u0105 elektroniczn\u0105. W&nbsp;mailu poinformujemy r\u00f3wnie\u017c o sposobach dokonania p\u0142atno\u015bci.<br>Rezygnacja z udzia\u0142u w kursie mo\u017cliwa jest w terminie 14 dni od przes\u0142ania zg\u0142oszenia (Prawo do odst\u0105pienia od&nbsp;umowy). W takim przypadku op\u0142ata za kurs zostanie zwr\u00f3cona.<br>&nbsp;<br>&nbsp;<br><span style=\"text-decoration: underline;\">Zalecana literatura:<\/span>&nbsp;<\/p>\n\n\n\n<ul class=\"wp-block-list\">\n<li>Avidan AY, Zee PC., red. wyd. pol. Wichniak A. Podr\u0119cznik medycyny snu. Wydawnictwo Medipage. Warszawa 2007.<\/li>\n\n\n\n<li>Baglioni C, Altena E, Bjorvatn B i wsp. The European Academy for Cognitive Behavioural Therapy for Insomnia: An initiative of the European Insomnia Network to promote implementation and dissemination of treatment.&nbsp; J Sleep Res. 2019; doi: 10.1111\/jsr.12967.<\/li>\n\n\n\n<li>Espie CA, Broomfield NM, MacMahon KM, Macphee LM, Taylor LM. The attentionintention-effort pathway in the development of psychophysiologic insomnia: a theoretical review. Sleep Med Rev 2006; 10: 215-245.<\/li>\n\n\n\n<li>Fornal-Paw\u0142owska M, Szelenberger W. Terapia poznawczo-behawioralna w leczeniu bezsenno\u015bci przewlek\u0142ej. Psychiatr Pol 2013; 47(2); 269-79.<\/li>\n\n\n\n<li>Fornal-Paw\u0142owska M, Wo\u0142y\u0144czyk-Gmaj D, Szelenberger W. Walidacja Ate\u0144skiej Skali Bezsenno\u015bci. Psychiatr Pol 2011; 45(2): 211-21.<\/li>\n\n\n\n<li>Fornal-Pawlowska M, Skalski M, Szelenberger W. Badanie predyspozycji do bezsenno\u015bci za pomoc\u0105 skali FIRST. Sen 2007; 2: 104-109.<\/li>\n\n\n\n<li>Harvey AG. A cognitive model of insomnia. Behav Res Ther 2002; 40: 869-993.<br>Morin CM, Espie CA. Insomnia. A clinical guide to assessment and treatment. Springer. 2004.<\/li>\n\n\n\n<li>Perlis ML, Jungquist C, Smith MT, Posner D. Cognitive Behavioral Treatment of Insomnia. A Session-by-Session Guide.&nbsp; Springer New York 2005.<\/li>\n\n\n\n<li>Perlis ML, Posner D, Riemann D, Bastien CH, Teel J, Thase M. Insomnia. Lancet. 2022;400(10357):1047-1060.<\/li>\n\n\n\n<li>Riemann D, Baglioni C, Bassetti C i wsp. European guideline for the diagnosis and treatment of insomnia. J Sleep Res. 2017;26(6): 675-700.<\/li>\n\n\n\n<li>Riemann D, Benz F, Dressle RJ, Espie CA, Johann AF, Blanken TF, Leerssen J, Wassing R, Henry AL, Kyle SD, Spiegelhalder K, Van Someren EJW. Insomnia disorder: State of the science and challenges for the future. J Sleep Res. 2022;31(4):e13604.<\/li>\n\n\n\n<li>Skalski M. Zaburzenia snu w codziennej praktyce. Wydawnictwo Medical Tribune Polska. Warszawa 2012.<\/li>\n\n\n\n<li>Szelenberger W. 2006. Standardy leczenia bezsenno\u015bci Polskiego Towarzystwa Bada\u0144 nad Snem. Sen, 2006;6: <\/li>\n\n\n\n<li>Walacik-Ufnal E , Fornal-Paw\u0142owska M. Pokonaj bezsenno\u015b\u0107 w 6 krokach z terapi\u0105 poznawczo-behawioraln\u0105. Wydawnictwo Poligraf. 2020.<\/li>\n\n\n\n<li>Walacik-Ufnal E. Zastosowanie terapii poznawczo-behawioralnej w leczeniu bezsenno\u015bci. Psychiatria 2015;12(2 2): 90\u201398.<\/li>\n\n\n\n<li>Wichniak A, Jarema M. Podstawy rozpoznawania i leczenia wybranych zaburze\u0144 snu &#8211; Biblioteka Czasopisma Psychiatria. Wydawnictwo Via Medica. Gda\u0144sk 2018.<\/li>\n\n\n\n<li>Wichniak A, Bie\u0144kowski P, D\u0105browski R, Mastalerz-Migas A, Rymaszewska J. Leczenie bezsenno\u015bci os\u00f3b w starszym wieku. Zalecenia Polskiego Towarzystwa Bada\u0144 nad Snem, Polskiego Towarzystwa Medycyny Rodzinnej i Polskiego Towarzystwa Psychiatrycznego. Psychiatr Pol. 2023;57:495\u2013516.<\/li>\n\n\n\n<li>Wichniak A, Iwa\u0144ski M, Salbert J, Wierzbicka A. Zastosowanie dziennika snu w diagnozowaniu i leczeniu bezsenno\u015bci oraz zaburze\u0144 rytmu oko\u0142odobowego snu i czuwania. Lekarz POZ. 2024;10:35\u201341.<\/li>\n<\/ul>\n\n\n\n<p><\/p>\n","protected":false},"excerpt":{"rendered":"<p>KURS TERAPIA POZNAWCZO-BEHAWIORALNA BEZSENNO\u015aCI&nbsp; Zapisy na kurs zako\u0144czono, informacja o kolejnych edycjach kursu zostanie podana w styczniu 2026 roku.\u00a0 Akredytowany przez Europejskie Towarzystwo Bada\u0144 nad Snem Termin: 20-21 wrze\u015bnia 2025 r. Tematyka kursu: Kurs zako\u0144czony jest egzaminem pisemnym w formie testowej. Pozytywny wynik egzaminu umo\u017cliwia otrzymanie certyfikatu uko\u0144czenia szkolenia na poziomie zaawansowanym, kt\u00f3rego program akredytowany &hellip; <\/p>\n<p class=\"link-more\"><a href=\"https:\/\/www.nfs.org.pl\/index.php\/dzialalnosc\/kursy-szkolenia\/kurs-cbt-i-20-21-09-2025\/\" class=\"more-link\">Czytaj dalej<span class=\"screen-reader-text\"> \u201eKurs CBT-I 20-21.09.2025\u201d<\/span><\/a><\/p>\n","protected":false},"author":24784,"featured_media":0,"parent":112,"menu_order":1,"comment_status":"closed","ping_status":"closed","template":"","meta":{"footnotes":"[]"},"class_list":["post-1302","page","type-page","status-publish","hentry"],"yoast_head":"<!-- This site is optimized with the Yoast SEO plugin v25.6 - https:\/\/yoast.com\/wordpress\/plugins\/seo\/ -->\n<title>Kurs CBT-I 20-21.09.2025 - Narodowa Fundacja Snu<\/title>\n<meta name=\"robots\" content=\"index, follow, max-snippet:-1, max-image-preview:large, max-video-preview:-1\" \/>\n<link rel=\"canonical\" href=\"https:\/\/www.nfs.org.pl\/index.php\/dzialalnosc\/kursy-szkolenia\/kurs-cbt-i-20-21-09-2025\/\" \/>\n<meta property=\"og:locale\" content=\"pl_PL\" \/>\n<meta property=\"og:type\" content=\"article\" \/>\n<meta property=\"og:title\" content=\"Kurs CBT-I 20-21.09.2025 - Narodowa Fundacja Snu\" \/>\n<meta property=\"og:description\" content=\"KURS TERAPIA POZNAWCZO-BEHAWIORALNA BEZSENNO\u015aCI&nbsp; Zapisy na kurs zako\u0144czono, informacja o kolejnych edycjach kursu zostanie podana w styczniu 2026 roku.\u00a0 Akredytowany przez Europejskie Towarzystwo Bada\u0144 nad Snem Termin: 20-21 wrze\u015bnia 2025 r. Tematyka kursu: Kurs zako\u0144czony jest egzaminem pisemnym w formie testowej. Pozytywny wynik egzaminu umo\u017cliwia otrzymanie certyfikatu uko\u0144czenia szkolenia na poziomie zaawansowanym, kt\u00f3rego program akredytowany &hellip; Czytaj dalej \u201eKurs CBT-I 20-21.09.2025\u201d\" \/>\n<meta property=\"og:url\" content=\"https:\/\/www.nfs.org.pl\/index.php\/dzialalnosc\/kursy-szkolenia\/kurs-cbt-i-20-21-09-2025\/\" \/>\n<meta property=\"og:site_name\" content=\"Narodowa Fundacja Snu\" \/>\n<meta property=\"article:publisher\" content=\"https:\/\/www.facebook.com\/Narodowa.Fundacja.Snu\/\" \/>\n<meta property=\"article:modified_time\" content=\"2025-08-20T20:36:05+00:00\" \/>\n<meta name=\"twitter:card\" content=\"summary_large_image\" \/>\n<meta name=\"twitter:label1\" content=\"Szacowany czas czytania\" \/>\n\t<meta name=\"twitter:data1\" content=\"5 minut\" \/>\n<script type=\"application\/ld+json\" class=\"yoast-schema-graph\">{\"@context\":\"https:\/\/schema.org\",\"@graph\":[{\"@type\":\"WebPage\",\"@id\":\"https:\/\/www.nfs.org.pl\/index.php\/dzialalnosc\/kursy-szkolenia\/kurs-cbt-i-20-21-09-2025\/\",\"url\":\"https:\/\/www.nfs.org.pl\/index.php\/dzialalnosc\/kursy-szkolenia\/kurs-cbt-i-20-21-09-2025\/\",\"name\":\"Kurs CBT-I 20-21.09.2025 - Narodowa Fundacja Snu\",\"isPartOf\":{\"@id\":\"https:\/\/www.nfs.org.pl\/#website\"},\"datePublished\":\"2025-07-03T18:30:49+00:00\",\"dateModified\":\"2025-08-20T20:36:05+00:00\",\"breadcrumb\":{\"@id\":\"https:\/\/www.nfs.org.pl\/index.php\/dzialalnosc\/kursy-szkolenia\/kurs-cbt-i-20-21-09-2025\/#breadcrumb\"},\"inLanguage\":\"pl-PL\",\"potentialAction\":[{\"@type\":\"ReadAction\",\"target\":[\"https:\/\/www.nfs.org.pl\/index.php\/dzialalnosc\/kursy-szkolenia\/kurs-cbt-i-20-21-09-2025\/\"]}]},{\"@type\":\"BreadcrumbList\",\"@id\":\"https:\/\/www.nfs.org.pl\/index.php\/dzialalnosc\/kursy-szkolenia\/kurs-cbt-i-20-21-09-2025\/#breadcrumb\",\"itemListElement\":[{\"@type\":\"ListItem\",\"position\":1,\"name\":\"Strona g\u0142\u00f3wna\",\"item\":\"https:\/\/www.nfs.org.pl\/\"},{\"@type\":\"ListItem\",\"position\":2,\"name\":\"Dzia\u0142alno\u015b\u0107\",\"item\":\"https:\/\/www.nfs.org.pl\/index.php\/dzialalnosc\/\"},{\"@type\":\"ListItem\",\"position\":3,\"name\":\"Kursy \/ Szkolenia\",\"item\":\"https:\/\/www.nfs.org.pl\/index.php\/dzialalnosc\/kursy-szkolenia\/\"},{\"@type\":\"ListItem\",\"position\":4,\"name\":\"Kurs CBT-I 20-21.09.2025\"}]},{\"@type\":\"WebSite\",\"@id\":\"https:\/\/www.nfs.org.pl\/#website\",\"url\":\"https:\/\/www.nfs.org.pl\/\",\"name\":\"Narodowa Fundacja Snu\",\"description\":\"Sen to 1\/3 Twojego \u017cycia. Pami\u0119taj o nim!\",\"publisher\":{\"@id\":\"https:\/\/www.nfs.org.pl\/#organization\"},\"potentialAction\":[{\"@type\":\"SearchAction\",\"target\":{\"@type\":\"EntryPoint\",\"urlTemplate\":\"https:\/\/www.nfs.org.pl\/?s={search_term_string}\"},\"query-input\":{\"@type\":\"PropertyValueSpecification\",\"valueRequired\":true,\"valueName\":\"search_term_string\"}}],\"inLanguage\":\"pl-PL\"},{\"@type\":\"Organization\",\"@id\":\"https:\/\/www.nfs.org.pl\/#organization\",\"name\":\"Narodowa Fundacja Snu\",\"url\":\"https:\/\/www.nfs.org.pl\/\",\"logo\":{\"@type\":\"ImageObject\",\"inLanguage\":\"pl-PL\",\"@id\":\"https:\/\/www.nfs.org.pl\/#\/schema\/logo\/image\/\",\"url\":\"https:\/\/i0.wp.com\/www.nfs.org.pl\/wp-content\/uploads\/2020\/03\/cropped-NFS-logo-big-granat-transparent-v2.png?fit=486%2C250&ssl=1\",\"contentUrl\":\"https:\/\/i0.wp.com\/www.nfs.org.pl\/wp-content\/uploads\/2020\/03\/cropped-NFS-logo-big-granat-transparent-v2.png?fit=486%2C250&ssl=1\",\"width\":486,\"height\":250,\"caption\":\"Narodowa Fundacja Snu\"},\"image\":{\"@id\":\"https:\/\/www.nfs.org.pl\/#\/schema\/logo\/image\/\"},\"sameAs\":[\"https:\/\/www.facebook.com\/Narodowa.Fundacja.Snu\/\"]}]}<\/script>\n<!-- \/ Yoast SEO plugin. -->","yoast_head_json":{"title":"Kurs CBT-I 20-21.09.2025 - Narodowa Fundacja Snu","robots":{"index":"index","follow":"follow","max-snippet":"max-snippet:-1","max-image-preview":"max-image-preview:large","max-video-preview":"max-video-preview:-1"},"canonical":"https:\/\/www.nfs.org.pl\/index.php\/dzialalnosc\/kursy-szkolenia\/kurs-cbt-i-20-21-09-2025\/","og_locale":"pl_PL","og_type":"article","og_title":"Kurs CBT-I 20-21.09.2025 - Narodowa Fundacja Snu","og_description":"KURS TERAPIA POZNAWCZO-BEHAWIORALNA BEZSENNO\u015aCI&nbsp; Zapisy na kurs zako\u0144czono, informacja o kolejnych edycjach kursu zostanie podana w styczniu 2026 roku.\u00a0 Akredytowany przez Europejskie Towarzystwo Bada\u0144 nad Snem Termin: 20-21 wrze\u015bnia 2025 r. Tematyka kursu: Kurs zako\u0144czony jest egzaminem pisemnym w formie testowej. Pozytywny wynik egzaminu umo\u017cliwia otrzymanie certyfikatu uko\u0144czenia szkolenia na poziomie zaawansowanym, kt\u00f3rego program akredytowany &hellip; Czytaj dalej \u201eKurs CBT-I 20-21.09.2025\u201d","og_url":"https:\/\/www.nfs.org.pl\/index.php\/dzialalnosc\/kursy-szkolenia\/kurs-cbt-i-20-21-09-2025\/","og_site_name":"Narodowa Fundacja Snu","article_publisher":"https:\/\/www.facebook.com\/Narodowa.Fundacja.Snu\/","article_modified_time":"2025-08-20T20:36:05+00:00","twitter_card":"summary_large_image","twitter_misc":{"Szacowany czas czytania":"5 minut"},"schema":{"@context":"https:\/\/schema.org","@graph":[{"@type":"WebPage","@id":"https:\/\/www.nfs.org.pl\/index.php\/dzialalnosc\/kursy-szkolenia\/kurs-cbt-i-20-21-09-2025\/","url":"https:\/\/www.nfs.org.pl\/index.php\/dzialalnosc\/kursy-szkolenia\/kurs-cbt-i-20-21-09-2025\/","name":"Kurs CBT-I 20-21.09.2025 - Narodowa Fundacja Snu","isPartOf":{"@id":"https:\/\/www.nfs.org.pl\/#website"},"datePublished":"2025-07-03T18:30:49+00:00","dateModified":"2025-08-20T20:36:05+00:00","breadcrumb":{"@id":"https:\/\/www.nfs.org.pl\/index.php\/dzialalnosc\/kursy-szkolenia\/kurs-cbt-i-20-21-09-2025\/#breadcrumb"},"inLanguage":"pl-PL","potentialAction":[{"@type":"ReadAction","target":["https:\/\/www.nfs.org.pl\/index.php\/dzialalnosc\/kursy-szkolenia\/kurs-cbt-i-20-21-09-2025\/"]}]},{"@type":"BreadcrumbList","@id":"https:\/\/www.nfs.org.pl\/index.php\/dzialalnosc\/kursy-szkolenia\/kurs-cbt-i-20-21-09-2025\/#breadcrumb","itemListElement":[{"@type":"ListItem","position":1,"name":"Strona g\u0142\u00f3wna","item":"https:\/\/www.nfs.org.pl\/"},{"@type":"ListItem","position":2,"name":"Dzia\u0142alno\u015b\u0107","item":"https:\/\/www.nfs.org.pl\/index.php\/dzialalnosc\/"},{"@type":"ListItem","position":3,"name":"Kursy \/ Szkolenia","item":"https:\/\/www.nfs.org.pl\/index.php\/dzialalnosc\/kursy-szkolenia\/"},{"@type":"ListItem","position":4,"name":"Kurs CBT-I 20-21.09.2025"}]},{"@type":"WebSite","@id":"https:\/\/www.nfs.org.pl\/#website","url":"https:\/\/www.nfs.org.pl\/","name":"Narodowa Fundacja Snu","description":"Sen to 1\/3 Twojego \u017cycia. Pami\u0119taj o nim!","publisher":{"@id":"https:\/\/www.nfs.org.pl\/#organization"},"potentialAction":[{"@type":"SearchAction","target":{"@type":"EntryPoint","urlTemplate":"https:\/\/www.nfs.org.pl\/?s={search_term_string}"},"query-input":{"@type":"PropertyValueSpecification","valueRequired":true,"valueName":"search_term_string"}}],"inLanguage":"pl-PL"},{"@type":"Organization","@id":"https:\/\/www.nfs.org.pl\/#organization","name":"Narodowa Fundacja Snu","url":"https:\/\/www.nfs.org.pl\/","logo":{"@type":"ImageObject","inLanguage":"pl-PL","@id":"https:\/\/www.nfs.org.pl\/#\/schema\/logo\/image\/","url":"https:\/\/i0.wp.com\/www.nfs.org.pl\/wp-content\/uploads\/2020\/03\/cropped-NFS-logo-big-granat-transparent-v2.png?fit=486%2C250&ssl=1","contentUrl":"https:\/\/i0.wp.com\/www.nfs.org.pl\/wp-content\/uploads\/2020\/03\/cropped-NFS-logo-big-granat-transparent-v2.png?fit=486%2C250&ssl=1","width":486,"height":250,"caption":"Narodowa Fundacja Snu"},"image":{"@id":"https:\/\/www.nfs.org.pl\/#\/schema\/logo\/image\/"},"sameAs":["https:\/\/www.facebook.com\/Narodowa.Fundacja.Snu\/"]}]}},"jetpack_sharing_enabled":true,"_links":{"self":[{"href":"https:\/\/www.nfs.org.pl\/index.php\/wp-json\/wp\/v2\/pages\/1302"}],"collection":[{"href":"https:\/\/www.nfs.org.pl\/index.php\/wp-json\/wp\/v2\/pages"}],"about":[{"href":"https:\/\/www.nfs.org.pl\/index.php\/wp-json\/wp\/v2\/types\/page"}],"author":[{"embeddable":true,"href":"https:\/\/www.nfs.org.pl\/index.php\/wp-json\/wp\/v2\/users\/24784"}],"replies":[{"embeddable":true,"href":"https:\/\/www.nfs.org.pl\/index.php\/wp-json\/wp\/v2\/comments?post=1302"}],"version-history":[{"count":4,"href":"https:\/\/www.nfs.org.pl\/index.php\/wp-json\/wp\/v2\/pages\/1302\/revisions"}],"predecessor-version":[{"id":1313,"href":"https:\/\/www.nfs.org.pl\/index.php\/wp-json\/wp\/v2\/pages\/1302\/revisions\/1313"}],"up":[{"embeddable":true,"href":"https:\/\/www.nfs.org.pl\/index.php\/wp-json\/wp\/v2\/pages\/112"}],"wp:attachment":[{"href":"https:\/\/www.nfs.org.pl\/index.php\/wp-json\/wp\/v2\/media?parent=1302"}],"curies":[{"name":"wp","href":"https:\/\/api.w.org\/{rel}","templated":true}]}}