{"id":147,"date":"2017-02-08T09:37:45","date_gmt":"2017-02-08T08:37:45","guid":{"rendered":"http:\/\/medisoft.net.pl\/nfs-wp\/?page_id=147"},"modified":"2025-02-07T11:05:28","modified_gmt":"2025-02-07T10:05:28","slug":"ksiazki-czasopisma","status":"publish","type":"page","link":"https:\/\/www.nfs.org.pl\/index.php\/wiedza\/ksiazki-czasopisma\/","title":{"rendered":"Ksi\u0105\u017cki \/ czasopisma"},"content":{"rendered":"<p><a class=\" link\" href=\"http:\/\/www.wydawnictwopzwl.pl\/literatura-specjalistyczna\/ksiazki\/prd,zaburzenia-oddychania-w-czasie-snu,rid,9791.html\" target=\"_blank\" rel=\"noopener noreferrer\">Jan Zieli\u0144ski, Robert P\u0142ywaczewski, Micha\u0142 Bednarek &#8211; Zaburzenia oddychania w czasie snu<\/a><\/p>\n<p>Wyd. Lekarskie\u00a0 PZWL, 2005<\/p>\n<p>\u00a0<\/p>\n<p><a href=\"https:\/\/medipage.pl\/pl\/p\/Podrecznik-medycyny-snu-Handbook-of-Sleep-Medicine-Avidian%2C-Zee\/237\">Alon Y. Avidan, Phyilis C. Zee. Podr\u0119cznik medycyny snu. (Adam Wichniak red. naukowa t\u0142umaczenia na j. polski). <\/a><\/p>\n<p>Medipage, 2007<\/p>\n<p>\u00a0<\/p>\n<p><a class=\" link\" href=\"http:\/\/www.podyplomie.pl\/index.php?id=9456\" target=\"_blank\" rel=\"noopener noreferrer\">Micha\u0142 Skalski &#8211; Zaburzenia snu w codziennej praktyce<\/a><\/p>\n<p>Wyd. Medical Tribune, 2012<\/p>\n\n\n<p><\/p>\n","protected":false},"excerpt":{"rendered":"<p>Jan Zieli\u0144ski, Robert P\u0142ywaczewski, Micha\u0142 Bednarek &#8211; Zaburzenia oddychania w czasie snu Wyd. Lekarskie\u00a0 PZWL, 2005 \u00a0 Alon Y. Avidan, Phyilis C. Zee. Podr\u0119cznik medycyny snu. (Adam Wichniak red. naukowa t\u0142umaczenia na j. polski). Medipage, 2007 \u00a0 Micha\u0142 Skalski &#8211; Zaburzenia snu w codziennej praktyce Wyd. Medical Tribune, 2012<\/p>\n","protected":false},"author":1,"featured_media":0,"parent":555,"menu_order":0,"comment_status":"closed","ping_status":"closed","template":"","meta":{"footnotes":""},"class_list":["post-147","page","type-page","status-publish","hentry"],"yoast_head":"<!-- This site is optimized with the Yoast SEO plugin v25.6 - https:\/\/yoast.com\/wordpress\/plugins\/seo\/ -->\n<title>Ksi\u0105\u017cki \/ czasopisma - Narodowa Fundacja Snu<\/title>\n<meta name=\"robots\" content=\"index, follow, max-snippet:-1, max-image-preview:large, max-video-preview:-1\" \/>\n<link rel=\"canonical\" href=\"https:\/\/www.nfs.org.pl\/index.php\/wiedza\/ksiazki-czasopisma\/\" \/>\n<meta property=\"og:locale\" content=\"pl_PL\" \/>\n<meta property=\"og:type\" content=\"article\" \/>\n<meta property=\"og:title\" content=\"Ksi\u0105\u017cki \/ czasopisma - Narodowa Fundacja Snu\" \/>\n<meta property=\"og:description\" content=\"Jan Zieli\u0144ski, Robert P\u0142ywaczewski, Micha\u0142 Bednarek &#8211; Zaburzenia oddychania w czasie snu Wyd. Lekarskie\u00a0 PZWL, 2005 \u00a0 Alon Y. Avidan, Phyilis C. Zee. Podr\u0119cznik medycyny snu. (Adam Wichniak red. naukowa t\u0142umaczenia na j. polski). Medipage, 2007 \u00a0 Micha\u0142 Skalski &#8211; Zaburzenia snu w codziennej praktyce Wyd. Medical Tribune, 2012\" \/>\n<meta property=\"og:url\" content=\"https:\/\/www.nfs.org.pl\/index.php\/wiedza\/ksiazki-czasopisma\/\" \/>\n<meta property=\"og:site_name\" content=\"Narodowa Fundacja Snu\" \/>\n<meta property=\"article:publisher\" content=\"https:\/\/www.facebook.com\/Narodowa.Fundacja.Snu\/\" \/>\n<meta property=\"article:modified_time\" content=\"2025-02-07T10:05:28+00:00\" \/>\n<meta name=\"twitter:card\" content=\"summary_large_image\" \/>\n<meta name=\"twitter:label1\" content=\"Szacowany czas czytania\" \/>\n\t<meta name=\"twitter:data1\" content=\"1 minuta\" \/>\n<script type=\"application\/ld+json\" class=\"yoast-schema-graph\">{\"@context\":\"https:\/\/schema.org\",\"@graph\":[{\"@type\":\"WebPage\",\"@id\":\"https:\/\/www.nfs.org.pl\/index.php\/wiedza\/ksiazki-czasopisma\/\",\"url\":\"https:\/\/www.nfs.org.pl\/index.php\/wiedza\/ksiazki-czasopisma\/\",\"name\":\"Ksi\u0105\u017cki \/ czasopisma - Narodowa Fundacja Snu\",\"isPartOf\":{\"@id\":\"https:\/\/www.nfs.org.pl\/#website\"},\"datePublished\":\"2017-02-08T08:37:45+00:00\",\"dateModified\":\"2025-02-07T10:05:28+00:00\",\"breadcrumb\":{\"@id\":\"https:\/\/www.nfs.org.pl\/index.php\/wiedza\/ksiazki-czasopisma\/#breadcrumb\"},\"inLanguage\":\"pl-PL\",\"potentialAction\":[{\"@type\":\"ReadAction\",\"target\":[\"https:\/\/www.nfs.org.pl\/index.php\/wiedza\/ksiazki-czasopisma\/\"]}]},{\"@type\":\"BreadcrumbList\",\"@id\":\"https:\/\/www.nfs.org.pl\/index.php\/wiedza\/ksiazki-czasopisma\/#breadcrumb\",\"itemListElement\":[{\"@type\":\"ListItem\",\"position\":1,\"name\":\"Strona g\u0142\u00f3wna\",\"item\":\"https:\/\/www.nfs.org.pl\/\"},{\"@type\":\"ListItem\",\"position\":2,\"name\":\"Wiedza\",\"item\":\"https:\/\/www.nfs.org.pl\/index.php\/wiedza\/\"},{\"@type\":\"ListItem\",\"position\":3,\"name\":\"Ksi\u0105\u017cki \/ czasopisma\"}]},{\"@type\":\"WebSite\",\"@id\":\"https:\/\/www.nfs.org.pl\/#website\",\"url\":\"https:\/\/www.nfs.org.pl\/\",\"name\":\"Narodowa Fundacja Snu\",\"description\":\"Sen to 1\/3 Twojego \u017cycia. Pami\u0119taj o nim!\",\"publisher\":{\"@id\":\"https:\/\/www.nfs.org.pl\/#organization\"},\"potentialAction\":[{\"@type\":\"SearchAction\",\"target\":{\"@type\":\"EntryPoint\",\"urlTemplate\":\"https:\/\/www.nfs.org.pl\/?s={search_term_string}\"},\"query-input\":{\"@type\":\"PropertyValueSpecification\",\"valueRequired\":true,\"valueName\":\"search_term_string\"}}],\"inLanguage\":\"pl-PL\"},{\"@type\":\"Organization\",\"@id\":\"https:\/\/www.nfs.org.pl\/#organization\",\"name\":\"Narodowa Fundacja Snu\",\"url\":\"https:\/\/www.nfs.org.pl\/\",\"logo\":{\"@type\":\"ImageObject\",\"inLanguage\":\"pl-PL\",\"@id\":\"https:\/\/www.nfs.org.pl\/#\/schema\/logo\/image\/\",\"url\":\"https:\/\/i0.wp.com\/www.nfs.org.pl\/wp-content\/uploads\/2020\/03\/cropped-NFS-logo-big-granat-transparent-v2.png?fit=486%2C250&ssl=1\",\"contentUrl\":\"https:\/\/i0.wp.com\/www.nfs.org.pl\/wp-content\/uploads\/2020\/03\/cropped-NFS-logo-big-granat-transparent-v2.png?fit=486%2C250&ssl=1\",\"width\":486,\"height\":250,\"caption\":\"Narodowa Fundacja Snu\"},\"image\":{\"@id\":\"https:\/\/www.nfs.org.pl\/#\/schema\/logo\/image\/\"},\"sameAs\":[\"https:\/\/www.facebook.com\/Narodowa.Fundacja.Snu\/\"]}]}<\/script>\n<!-- \/ Yoast SEO plugin. -->","yoast_head_json":{"title":"Ksi\u0105\u017cki \/ czasopisma - Narodowa Fundacja Snu","robots":{"index":"index","follow":"follow","max-snippet":"max-snippet:-1","max-image-preview":"max-image-preview:large","max-video-preview":"max-video-preview:-1"},"canonical":"https:\/\/www.nfs.org.pl\/index.php\/wiedza\/ksiazki-czasopisma\/","og_locale":"pl_PL","og_type":"article","og_title":"Ksi\u0105\u017cki \/ czasopisma - Narodowa Fundacja Snu","og_description":"Jan Zieli\u0144ski, Robert P\u0142ywaczewski, Micha\u0142 Bednarek &#8211; Zaburzenia oddychania w czasie snu Wyd. Lekarskie\u00a0 PZWL, 2005 \u00a0 Alon Y. Avidan, Phyilis C. Zee. Podr\u0119cznik medycyny snu. (Adam Wichniak red. naukowa t\u0142umaczenia na j. polski). Medipage, 2007 \u00a0 Micha\u0142 Skalski &#8211; Zaburzenia snu w codziennej praktyce Wyd. Medical Tribune, 2012","og_url":"https:\/\/www.nfs.org.pl\/index.php\/wiedza\/ksiazki-czasopisma\/","og_site_name":"Narodowa Fundacja Snu","article_publisher":"https:\/\/www.facebook.com\/Narodowa.Fundacja.Snu\/","article_modified_time":"2025-02-07T10:05:28+00:00","twitter_card":"summary_large_image","twitter_misc":{"Szacowany czas czytania":"1 minuta"},"schema":{"@context":"https:\/\/schema.org","@graph":[{"@type":"WebPage","@id":"https:\/\/www.nfs.org.pl\/index.php\/wiedza\/ksiazki-czasopisma\/","url":"https:\/\/www.nfs.org.pl\/index.php\/wiedza\/ksiazki-czasopisma\/","name":"Ksi\u0105\u017cki \/ czasopisma - Narodowa Fundacja Snu","isPartOf":{"@id":"https:\/\/www.nfs.org.pl\/#website"},"datePublished":"2017-02-08T08:37:45+00:00","dateModified":"2025-02-07T10:05:28+00:00","breadcrumb":{"@id":"https:\/\/www.nfs.org.pl\/index.php\/wiedza\/ksiazki-czasopisma\/#breadcrumb"},"inLanguage":"pl-PL","potentialAction":[{"@type":"ReadAction","target":["https:\/\/www.nfs.org.pl\/index.php\/wiedza\/ksiazki-czasopisma\/"]}]},{"@type":"BreadcrumbList","@id":"https:\/\/www.nfs.org.pl\/index.php\/wiedza\/ksiazki-czasopisma\/#breadcrumb","itemListElement":[{"@type":"ListItem","position":1,"name":"Strona g\u0142\u00f3wna","item":"https:\/\/www.nfs.org.pl\/"},{"@type":"ListItem","position":2,"name":"Wiedza","item":"https:\/\/www.nfs.org.pl\/index.php\/wiedza\/"},{"@type":"ListItem","position":3,"name":"Ksi\u0105\u017cki \/ czasopisma"}]},{"@type":"WebSite","@id":"https:\/\/www.nfs.org.pl\/#website","url":"https:\/\/www.nfs.org.pl\/","name":"Narodowa Fundacja Snu","description":"Sen to 1\/3 Twojego \u017cycia. Pami\u0119taj o nim!","publisher":{"@id":"https:\/\/www.nfs.org.pl\/#organization"},"potentialAction":[{"@type":"SearchAction","target":{"@type":"EntryPoint","urlTemplate":"https:\/\/www.nfs.org.pl\/?s={search_term_string}"},"query-input":{"@type":"PropertyValueSpecification","valueRequired":true,"valueName":"search_term_string"}}],"inLanguage":"pl-PL"},{"@type":"Organization","@id":"https:\/\/www.nfs.org.pl\/#organization","name":"Narodowa Fundacja Snu","url":"https:\/\/www.nfs.org.pl\/","logo":{"@type":"ImageObject","inLanguage":"pl-PL","@id":"https:\/\/www.nfs.org.pl\/#\/schema\/logo\/image\/","url":"https:\/\/i0.wp.com\/www.nfs.org.pl\/wp-content\/uploads\/2020\/03\/cropped-NFS-logo-big-granat-transparent-v2.png?fit=486%2C250&ssl=1","contentUrl":"https:\/\/i0.wp.com\/www.nfs.org.pl\/wp-content\/uploads\/2020\/03\/cropped-NFS-logo-big-granat-transparent-v2.png?fit=486%2C250&ssl=1","width":486,"height":250,"caption":"Narodowa Fundacja Snu"},"image":{"@id":"https:\/\/www.nfs.org.pl\/#\/schema\/logo\/image\/"},"sameAs":["https:\/\/www.facebook.com\/Narodowa.Fundacja.Snu\/"]}]}},"jetpack_sharing_enabled":true,"_links":{"self":[{"href":"https:\/\/www.nfs.org.pl\/index.php\/wp-json\/wp\/v2\/pages\/147"}],"collection":[{"href":"https:\/\/www.nfs.org.pl\/index.php\/wp-json\/wp\/v2\/pages"}],"about":[{"href":"https:\/\/www.nfs.org.pl\/index.php\/wp-json\/wp\/v2\/types\/page"}],"author":[{"embeddable":true,"href":"https:\/\/www.nfs.org.pl\/index.php\/wp-json\/wp\/v2\/users\/1"}],"replies":[{"embeddable":true,"href":"https:\/\/www.nfs.org.pl\/index.php\/wp-json\/wp\/v2\/comments?post=147"}],"version-history":[{"count":2,"href":"https:\/\/www.nfs.org.pl\/index.php\/wp-json\/wp\/v2\/pages\/147\/revisions"}],"predecessor-version":[{"id":1266,"href":"https:\/\/www.nfs.org.pl\/index.php\/wp-json\/wp\/v2\/pages\/147\/revisions\/1266"}],"up":[{"embeddable":true,"href":"https:\/\/www.nfs.org.pl\/index.php\/wp-json\/wp\/v2\/pages\/555"}],"wp:attachment":[{"href":"https:\/\/www.nfs.org.pl\/index.php\/wp-json\/wp\/v2\/media?parent=147"}],"curies":[{"name":"wp","href":"https:\/\/api.w.org\/{rel}","templated":true}]}}