{"id":152,"date":"2017-02-08T09:39:57","date_gmt":"2017-02-08T08:39:57","guid":{"rendered":"http:\/\/medisoft.net.pl\/nfs-wp\/?page_id=152"},"modified":"2021-03-12T18:18:27","modified_gmt":"2021-03-12T17:18:27","slug":"do-pobrania-dla-pacjenta","status":"publish","type":"page","link":"https:\/\/www.nfs.org.pl\/index.php\/wiedza\/ulotki-informacje-do-pobrania\/do-pobrania-dla-pacjenta\/","title":{"rendered":"Do pobrania &#8211; dla pacjenta"},"content":{"rendered":"<h2><strong>Do pobrania:<\/strong><\/h2>\n<p>&nbsp;<\/p>\n<p><a href=\"http:\/\/nfs.org.pl\/wp-content\/uploads\/2017\/02\/NFS-bezdech-info-pacjent-v2.pdf\">Podstawowe informacje o bezdechu<\/a><\/p>\n<p><a href=\"http:\/\/nfs.org.pl\/wp-content\/uploads\/2017\/02\/10-przykazan-snu-dorosli.pdf\">10 przykaza\u0144 dobrego snu dla doros\u0142ych<\/a><\/p>\n<p><a href=\"http:\/\/nfs.org.pl\/wp-content\/uploads\/2017\/02\/10-przykazn-snu-dzieci.pdf\">10 przykaza\u0144 dobrego snu dla dzieci<\/a><\/p>\n","protected":false},"excerpt":{"rendered":"<p>Do pobrania: &nbsp; Podstawowe informacje o bezdechu 10 przykaza\u0144 dobrego snu dla doros\u0142ych 10 przykaza\u0144 dobrego snu dla dzieci<\/p>\n","protected":false},"author":1,"featured_media":0,"parent":149,"menu_order":0,"comment_status":"closed","ping_status":"closed","template":"","meta":{"footnotes":""},"class_list":["post-152","page","type-page","status-publish","hentry"],"yoast_head":"<!-- This site is optimized with the Yoast SEO plugin v25.6 - https:\/\/yoast.com\/wordpress\/plugins\/seo\/ -->\n<title>Do pobrania - dla pacjenta - Narodowa Fundacja Snu<\/title>\n<meta name=\"robots\" content=\"index, follow, max-snippet:-1, max-image-preview:large, max-video-preview:-1\" \/>\n<link rel=\"canonical\" href=\"https:\/\/www.nfs.org.pl\/index.php\/wiedza\/ulotki-informacje-do-pobrania\/do-pobrania-dla-pacjenta\/\" \/>\n<meta property=\"og:locale\" content=\"pl_PL\" \/>\n<meta property=\"og:type\" content=\"article\" \/>\n<meta property=\"og:title\" content=\"Do pobrania - dla pacjenta - Narodowa Fundacja Snu\" \/>\n<meta property=\"og:description\" content=\"Do pobrania: &nbsp; Podstawowe informacje o bezdechu 10 przykaza\u0144 dobrego snu dla doros\u0142ych 10 przykaza\u0144 dobrego snu dla dzieci\" \/>\n<meta property=\"og:url\" content=\"https:\/\/www.nfs.org.pl\/index.php\/wiedza\/ulotki-informacje-do-pobrania\/do-pobrania-dla-pacjenta\/\" \/>\n<meta property=\"og:site_name\" content=\"Narodowa Fundacja Snu\" \/>\n<meta property=\"article:publisher\" content=\"https:\/\/www.facebook.com\/Narodowa.Fundacja.Snu\/\" \/>\n<meta property=\"article:modified_time\" content=\"2021-03-12T17:18:27+00:00\" \/>\n<meta name=\"twitter:card\" content=\"summary_large_image\" \/>\n<script type=\"application\/ld+json\" class=\"yoast-schema-graph\">{\"@context\":\"https:\/\/schema.org\",\"@graph\":[{\"@type\":\"WebPage\",\"@id\":\"https:\/\/www.nfs.org.pl\/index.php\/wiedza\/ulotki-informacje-do-pobrania\/do-pobrania-dla-pacjenta\/\",\"url\":\"https:\/\/www.nfs.org.pl\/index.php\/wiedza\/ulotki-informacje-do-pobrania\/do-pobrania-dla-pacjenta\/\",\"name\":\"Do pobrania - dla pacjenta - Narodowa Fundacja Snu\",\"isPartOf\":{\"@id\":\"https:\/\/www.nfs.org.pl\/#website\"},\"datePublished\":\"2017-02-08T08:39:57+00:00\",\"dateModified\":\"2021-03-12T17:18:27+00:00\",\"breadcrumb\":{\"@id\":\"https:\/\/www.nfs.org.pl\/index.php\/wiedza\/ulotki-informacje-do-pobrania\/do-pobrania-dla-pacjenta\/#breadcrumb\"},\"inLanguage\":\"pl-PL\",\"potentialAction\":[{\"@type\":\"ReadAction\",\"target\":[\"https:\/\/www.nfs.org.pl\/index.php\/wiedza\/ulotki-informacje-do-pobrania\/do-pobrania-dla-pacjenta\/\"]}]},{\"@type\":\"BreadcrumbList\",\"@id\":\"https:\/\/www.nfs.org.pl\/index.php\/wiedza\/ulotki-informacje-do-pobrania\/do-pobrania-dla-pacjenta\/#breadcrumb\",\"itemListElement\":[{\"@type\":\"ListItem\",\"position\":1,\"name\":\"Strona g\u0142\u00f3wna\",\"item\":\"https:\/\/www.nfs.org.pl\/\"},{\"@type\":\"ListItem\",\"position\":2,\"name\":\"Wiedza\",\"item\":\"https:\/\/www.nfs.org.pl\/index.php\/wiedza\/\"},{\"@type\":\"ListItem\",\"position\":3,\"name\":\"Ulotki, informacje \/ do pobrania\",\"item\":\"https:\/\/www.nfs.org.pl\/index.php\/wiedza\/ulotki-informacje-do-pobrania\/\"},{\"@type\":\"ListItem\",\"position\":4,\"name\":\"Do&nbsp;pobrania &#8211; dla pacjenta\"}]},{\"@type\":\"WebSite\",\"@id\":\"https:\/\/www.nfs.org.pl\/#website\",\"url\":\"https:\/\/www.nfs.org.pl\/\",\"name\":\"Narodowa Fundacja Snu\",\"description\":\"Sen to 1\/3 Twojego \u017cycia. Pami\u0119taj o nim!\",\"publisher\":{\"@id\":\"https:\/\/www.nfs.org.pl\/#organization\"},\"potentialAction\":[{\"@type\":\"SearchAction\",\"target\":{\"@type\":\"EntryPoint\",\"urlTemplate\":\"https:\/\/www.nfs.org.pl\/?s={search_term_string}\"},\"query-input\":{\"@type\":\"PropertyValueSpecification\",\"valueRequired\":true,\"valueName\":\"search_term_string\"}}],\"inLanguage\":\"pl-PL\"},{\"@type\":\"Organization\",\"@id\":\"https:\/\/www.nfs.org.pl\/#organization\",\"name\":\"Narodowa Fundacja Snu\",\"url\":\"https:\/\/www.nfs.org.pl\/\",\"logo\":{\"@type\":\"ImageObject\",\"inLanguage\":\"pl-PL\",\"@id\":\"https:\/\/www.nfs.org.pl\/#\/schema\/logo\/image\/\",\"url\":\"https:\/\/i0.wp.com\/www.nfs.org.pl\/wp-content\/uploads\/2020\/03\/cropped-NFS-logo-big-granat-transparent-v2.png?fit=486%2C250&ssl=1\",\"contentUrl\":\"https:\/\/i0.wp.com\/www.nfs.org.pl\/wp-content\/uploads\/2020\/03\/cropped-NFS-logo-big-granat-transparent-v2.png?fit=486%2C250&ssl=1\",\"width\":486,\"height\":250,\"caption\":\"Narodowa Fundacja Snu\"},\"image\":{\"@id\":\"https:\/\/www.nfs.org.pl\/#\/schema\/logo\/image\/\"},\"sameAs\":[\"https:\/\/www.facebook.com\/Narodowa.Fundacja.Snu\/\"]}]}<\/script>\n<!-- \/ Yoast SEO plugin. -->","yoast_head_json":{"title":"Do pobrania - dla pacjenta - Narodowa Fundacja Snu","robots":{"index":"index","follow":"follow","max-snippet":"max-snippet:-1","max-image-preview":"max-image-preview:large","max-video-preview":"max-video-preview:-1"},"canonical":"https:\/\/www.nfs.org.pl\/index.php\/wiedza\/ulotki-informacje-do-pobrania\/do-pobrania-dla-pacjenta\/","og_locale":"pl_PL","og_type":"article","og_title":"Do pobrania - dla pacjenta - Narodowa Fundacja Snu","og_description":"Do pobrania: &nbsp; Podstawowe informacje o bezdechu 10 przykaza\u0144 dobrego snu dla doros\u0142ych 10 przykaza\u0144 dobrego snu dla dzieci","og_url":"https:\/\/www.nfs.org.pl\/index.php\/wiedza\/ulotki-informacje-do-pobrania\/do-pobrania-dla-pacjenta\/","og_site_name":"Narodowa Fundacja Snu","article_publisher":"https:\/\/www.facebook.com\/Narodowa.Fundacja.Snu\/","article_modified_time":"2021-03-12T17:18:27+00:00","twitter_card":"summary_large_image","schema":{"@context":"https:\/\/schema.org","@graph":[{"@type":"WebPage","@id":"https:\/\/www.nfs.org.pl\/index.php\/wiedza\/ulotki-informacje-do-pobrania\/do-pobrania-dla-pacjenta\/","url":"https:\/\/www.nfs.org.pl\/index.php\/wiedza\/ulotki-informacje-do-pobrania\/do-pobrania-dla-pacjenta\/","name":"Do pobrania - dla pacjenta - Narodowa Fundacja Snu","isPartOf":{"@id":"https:\/\/www.nfs.org.pl\/#website"},"datePublished":"2017-02-08T08:39:57+00:00","dateModified":"2021-03-12T17:18:27+00:00","breadcrumb":{"@id":"https:\/\/www.nfs.org.pl\/index.php\/wiedza\/ulotki-informacje-do-pobrania\/do-pobrania-dla-pacjenta\/#breadcrumb"},"inLanguage":"pl-PL","potentialAction":[{"@type":"ReadAction","target":["https:\/\/www.nfs.org.pl\/index.php\/wiedza\/ulotki-informacje-do-pobrania\/do-pobrania-dla-pacjenta\/"]}]},{"@type":"BreadcrumbList","@id":"https:\/\/www.nfs.org.pl\/index.php\/wiedza\/ulotki-informacje-do-pobrania\/do-pobrania-dla-pacjenta\/#breadcrumb","itemListElement":[{"@type":"ListItem","position":1,"name":"Strona g\u0142\u00f3wna","item":"https:\/\/www.nfs.org.pl\/"},{"@type":"ListItem","position":2,"name":"Wiedza","item":"https:\/\/www.nfs.org.pl\/index.php\/wiedza\/"},{"@type":"ListItem","position":3,"name":"Ulotki, informacje \/ do pobrania","item":"https:\/\/www.nfs.org.pl\/index.php\/wiedza\/ulotki-informacje-do-pobrania\/"},{"@type":"ListItem","position":4,"name":"Do&nbsp;pobrania &#8211; dla pacjenta"}]},{"@type":"WebSite","@id":"https:\/\/www.nfs.org.pl\/#website","url":"https:\/\/www.nfs.org.pl\/","name":"Narodowa Fundacja Snu","description":"Sen to 1\/3 Twojego \u017cycia. Pami\u0119taj o nim!","publisher":{"@id":"https:\/\/www.nfs.org.pl\/#organization"},"potentialAction":[{"@type":"SearchAction","target":{"@type":"EntryPoint","urlTemplate":"https:\/\/www.nfs.org.pl\/?s={search_term_string}"},"query-input":{"@type":"PropertyValueSpecification","valueRequired":true,"valueName":"search_term_string"}}],"inLanguage":"pl-PL"},{"@type":"Organization","@id":"https:\/\/www.nfs.org.pl\/#organization","name":"Narodowa Fundacja Snu","url":"https:\/\/www.nfs.org.pl\/","logo":{"@type":"ImageObject","inLanguage":"pl-PL","@id":"https:\/\/www.nfs.org.pl\/#\/schema\/logo\/image\/","url":"https:\/\/i0.wp.com\/www.nfs.org.pl\/wp-content\/uploads\/2020\/03\/cropped-NFS-logo-big-granat-transparent-v2.png?fit=486%2C250&ssl=1","contentUrl":"https:\/\/i0.wp.com\/www.nfs.org.pl\/wp-content\/uploads\/2020\/03\/cropped-NFS-logo-big-granat-transparent-v2.png?fit=486%2C250&ssl=1","width":486,"height":250,"caption":"Narodowa Fundacja Snu"},"image":{"@id":"https:\/\/www.nfs.org.pl\/#\/schema\/logo\/image\/"},"sameAs":["https:\/\/www.facebook.com\/Narodowa.Fundacja.Snu\/"]}]}},"jetpack_sharing_enabled":true,"_links":{"self":[{"href":"https:\/\/www.nfs.org.pl\/index.php\/wp-json\/wp\/v2\/pages\/152"}],"collection":[{"href":"https:\/\/www.nfs.org.pl\/index.php\/wp-json\/wp\/v2\/pages"}],"about":[{"href":"https:\/\/www.nfs.org.pl\/index.php\/wp-json\/wp\/v2\/types\/page"}],"author":[{"embeddable":true,"href":"https:\/\/www.nfs.org.pl\/index.php\/wp-json\/wp\/v2\/users\/1"}],"replies":[{"embeddable":true,"href":"https:\/\/www.nfs.org.pl\/index.php\/wp-json\/wp\/v2\/comments?post=152"}],"version-history":[{"count":0,"href":"https:\/\/www.nfs.org.pl\/index.php\/wp-json\/wp\/v2\/pages\/152\/revisions"}],"up":[{"embeddable":true,"href":"https:\/\/www.nfs.org.pl\/index.php\/wp-json\/wp\/v2\/pages\/149"}],"wp:attachment":[{"href":"https:\/\/www.nfs.org.pl\/index.php\/wp-json\/wp\/v2\/media?parent=152"}],"curies":[{"name":"wp","href":"https:\/\/api.w.org\/{rel}","templated":true}]}}