{"id":44,"date":"2017-02-07T16:25:12","date_gmt":"2017-02-07T15:25:12","guid":{"rendered":"http:\/\/medisoft.net.pl\/nfs-wp\/?page_id=44"},"modified":"2024-06-28T20:54:54","modified_gmt":"2024-06-28T18:54:54","slug":"kontakt-2","status":"publish","type":"page","link":"https:\/\/www.nfs.org.pl\/index.php\/kontakt-2\/","title":{"rendered":"Kontakt"},"content":{"rendered":"<p><strong>Kontakt z NFS<\/strong><\/p>\n<div id=\"widget-998c2cf0-b8ae-57b8-26d6-76479932043c\" class=\"widget widget-text\">\n<div class=\"widget-content\">\n<div id=\"widget-edbd2e7c-fbce-f983-f7a7-dda8ce7e03e5\" class=\"widget widget-text\">\n<div class=\"widget-content\">\n<p><strong>Narodowa Fundacja Snu<\/strong><\/p>\n<p>02-798 Warszawa<\/p>\n<p>ul. Lisi Jar 6 lok. 31<\/p>\n<p>Tel. kontaktowy TBA<\/p>\n<p>nfs (at) nfs.org.pl<\/p>\n<p>Adresy e-mail cz\u0142onk\u00f3w Zarz\u0105du podane s\u0105 na stronie <a class=\" link\" href=\"http:\/\/nfs.org.pl\/index.php\/zarzad\/\">O nas -&gt; Zarz\u0105d<\/a><\/p>\n<\/div>\n<\/div>\n<p><em>Przetwarzamy Twoje dane na potrzeby wymiany korespondencji. Szczeg\u00f3\u0142y znajdziesz w polityce prywatno\u015bci poni\u017cej.<br \/>\n<\/em><\/p>\n<\/div>\n<\/div>\n","protected":false},"excerpt":{"rendered":"<p>Kontakt z NFS Narodowa Fundacja Snu 02-798 Warszawa ul. Lisi Jar 6 lok. 31 Tel. kontaktowy TBA nfs (at) nfs.org.pl Adresy e-mail cz\u0142onk\u00f3w Zarz\u0105du podane s\u0105 na stronie O nas -&gt; Zarz\u0105d Przetwarzamy Twoje dane na potrzeby wymiany korespondencji. Szczeg\u00f3\u0142y znajdziesz w polityce prywatno\u015bci poni\u017cej.<\/p>\n","protected":false},"author":1,"featured_media":241,"parent":0,"menu_order":0,"comment_status":"closed","ping_status":"closed","template":"","meta":{"footnotes":""},"class_list":["post-44","page","type-page","status-publish","has-post-thumbnail","hentry"],"yoast_head":"<!-- This site is optimized with the Yoast SEO plugin v25.6 - https:\/\/yoast.com\/wordpress\/plugins\/seo\/ -->\n<title>Kontakt - Narodowa Fundacja Snu<\/title>\n<meta name=\"robots\" content=\"index, follow, max-snippet:-1, max-image-preview:large, max-video-preview:-1\" \/>\n<link rel=\"canonical\" href=\"https:\/\/www.nfs.org.pl\/index.php\/kontakt-2\/\" \/>\n<meta property=\"og:locale\" content=\"pl_PL\" \/>\n<meta property=\"og:type\" content=\"article\" \/>\n<meta property=\"og:title\" content=\"Kontakt - Narodowa Fundacja Snu\" \/>\n<meta property=\"og:description\" content=\"Kontakt z NFS Narodowa Fundacja Snu 02-798 Warszawa ul. Lisi Jar 6 lok. 31 Tel. kontaktowy TBA nfs (at) nfs.org.pl Adresy e-mail cz\u0142onk\u00f3w Zarz\u0105du podane s\u0105 na stronie O nas -&gt; Zarz\u0105d Przetwarzamy Twoje dane na potrzeby wymiany korespondencji. Szczeg\u00f3\u0142y znajdziesz w polityce prywatno\u015bci poni\u017cej.\" \/>\n<meta property=\"og:url\" content=\"https:\/\/www.nfs.org.pl\/index.php\/kontakt-2\/\" \/>\n<meta property=\"og:site_name\" content=\"Narodowa Fundacja Snu\" \/>\n<meta property=\"article:publisher\" content=\"https:\/\/www.facebook.com\/Narodowa.Fundacja.Snu\/\" \/>\n<meta property=\"article:modified_time\" content=\"2024-06-28T18:54:54+00:00\" \/>\n<meta property=\"og:image\" content=\"https:\/\/www.nfs.org.pl\/wp-content\/uploads\/2017\/02\/3000x2.jpg\" \/>\n\t<meta property=\"og:image:width\" content=\"2000\" \/>\n\t<meta property=\"og:image:height\" content=\"1200\" \/>\n\t<meta property=\"og:image:type\" content=\"image\/jpeg\" \/>\n<meta name=\"twitter:card\" content=\"summary_large_image\" \/>\n<meta name=\"twitter:label1\" content=\"Szacowany czas czytania\" \/>\n\t<meta name=\"twitter:data1\" content=\"1 minuta\" \/>\n<script type=\"application\/ld+json\" class=\"yoast-schema-graph\">{\"@context\":\"https:\/\/schema.org\",\"@graph\":[{\"@type\":\"WebPage\",\"@id\":\"https:\/\/www.nfs.org.pl\/index.php\/kontakt-2\/\",\"url\":\"https:\/\/www.nfs.org.pl\/index.php\/kontakt-2\/\",\"name\":\"Kontakt - Narodowa Fundacja Snu\",\"isPartOf\":{\"@id\":\"https:\/\/www.nfs.org.pl\/#website\"},\"primaryImageOfPage\":{\"@id\":\"https:\/\/www.nfs.org.pl\/index.php\/kontakt-2\/#primaryimage\"},\"image\":{\"@id\":\"https:\/\/www.nfs.org.pl\/index.php\/kontakt-2\/#primaryimage\"},\"thumbnailUrl\":\"https:\/\/i0.wp.com\/www.nfs.org.pl\/wp-content\/uploads\/2017\/02\/3000x2.jpg?fit=2000%2C1200&ssl=1\",\"datePublished\":\"2017-02-07T15:25:12+00:00\",\"dateModified\":\"2024-06-28T18:54:54+00:00\",\"breadcrumb\":{\"@id\":\"https:\/\/www.nfs.org.pl\/index.php\/kontakt-2\/#breadcrumb\"},\"inLanguage\":\"pl-PL\",\"potentialAction\":[{\"@type\":\"ReadAction\",\"target\":[\"https:\/\/www.nfs.org.pl\/index.php\/kontakt-2\/\"]}]},{\"@type\":\"ImageObject\",\"inLanguage\":\"pl-PL\",\"@id\":\"https:\/\/www.nfs.org.pl\/index.php\/kontakt-2\/#primaryimage\",\"url\":\"https:\/\/i0.wp.com\/www.nfs.org.pl\/wp-content\/uploads\/2017\/02\/3000x2.jpg?fit=2000%2C1200&ssl=1\",\"contentUrl\":\"https:\/\/i0.wp.com\/www.nfs.org.pl\/wp-content\/uploads\/2017\/02\/3000x2.jpg?fit=2000%2C1200&ssl=1\",\"width\":2000,\"height\":1200},{\"@type\":\"BreadcrumbList\",\"@id\":\"https:\/\/www.nfs.org.pl\/index.php\/kontakt-2\/#breadcrumb\",\"itemListElement\":[{\"@type\":\"ListItem\",\"position\":1,\"name\":\"Strona g\u0142\u00f3wna\",\"item\":\"https:\/\/www.nfs.org.pl\/\"},{\"@type\":\"ListItem\",\"position\":2,\"name\":\"Kontakt\"}]},{\"@type\":\"WebSite\",\"@id\":\"https:\/\/www.nfs.org.pl\/#website\",\"url\":\"https:\/\/www.nfs.org.pl\/\",\"name\":\"Narodowa Fundacja Snu\",\"description\":\"Sen to 1\/3 Twojego \u017cycia. Pami\u0119taj o nim!\",\"publisher\":{\"@id\":\"https:\/\/www.nfs.org.pl\/#organization\"},\"potentialAction\":[{\"@type\":\"SearchAction\",\"target\":{\"@type\":\"EntryPoint\",\"urlTemplate\":\"https:\/\/www.nfs.org.pl\/?s={search_term_string}\"},\"query-input\":{\"@type\":\"PropertyValueSpecification\",\"valueRequired\":true,\"valueName\":\"search_term_string\"}}],\"inLanguage\":\"pl-PL\"},{\"@type\":\"Organization\",\"@id\":\"https:\/\/www.nfs.org.pl\/#organization\",\"name\":\"Narodowa Fundacja Snu\",\"url\":\"https:\/\/www.nfs.org.pl\/\",\"logo\":{\"@type\":\"ImageObject\",\"inLanguage\":\"pl-PL\",\"@id\":\"https:\/\/www.nfs.org.pl\/#\/schema\/logo\/image\/\",\"url\":\"https:\/\/i0.wp.com\/www.nfs.org.pl\/wp-content\/uploads\/2020\/03\/cropped-NFS-logo-big-granat-transparent-v2.png?fit=486%2C250&ssl=1\",\"contentUrl\":\"https:\/\/i0.wp.com\/www.nfs.org.pl\/wp-content\/uploads\/2020\/03\/cropped-NFS-logo-big-granat-transparent-v2.png?fit=486%2C250&ssl=1\",\"width\":486,\"height\":250,\"caption\":\"Narodowa Fundacja Snu\"},\"image\":{\"@id\":\"https:\/\/www.nfs.org.pl\/#\/schema\/logo\/image\/\"},\"sameAs\":[\"https:\/\/www.facebook.com\/Narodowa.Fundacja.Snu\/\"]}]}<\/script>\n<!-- \/ Yoast SEO plugin. -->","yoast_head_json":{"title":"Kontakt - Narodowa Fundacja Snu","robots":{"index":"index","follow":"follow","max-snippet":"max-snippet:-1","max-image-preview":"max-image-preview:large","max-video-preview":"max-video-preview:-1"},"canonical":"https:\/\/www.nfs.org.pl\/index.php\/kontakt-2\/","og_locale":"pl_PL","og_type":"article","og_title":"Kontakt - Narodowa Fundacja Snu","og_description":"Kontakt z NFS Narodowa Fundacja Snu 02-798 Warszawa ul. Lisi Jar 6 lok. 31 Tel. kontaktowy TBA nfs (at) nfs.org.pl Adresy e-mail cz\u0142onk\u00f3w Zarz\u0105du podane s\u0105 na stronie O nas -&gt; Zarz\u0105d Przetwarzamy Twoje dane na potrzeby wymiany korespondencji. Szczeg\u00f3\u0142y znajdziesz w polityce prywatno\u015bci poni\u017cej.","og_url":"https:\/\/www.nfs.org.pl\/index.php\/kontakt-2\/","og_site_name":"Narodowa Fundacja Snu","article_publisher":"https:\/\/www.facebook.com\/Narodowa.Fundacja.Snu\/","article_modified_time":"2024-06-28T18:54:54+00:00","og_image":[{"width":2000,"height":1200,"url":"https:\/\/www.nfs.org.pl\/wp-content\/uploads\/2017\/02\/3000x2.jpg","type":"image\/jpeg"}],"twitter_card":"summary_large_image","twitter_misc":{"Szacowany czas czytania":"1 minuta"},"schema":{"@context":"https:\/\/schema.org","@graph":[{"@type":"WebPage","@id":"https:\/\/www.nfs.org.pl\/index.php\/kontakt-2\/","url":"https:\/\/www.nfs.org.pl\/index.php\/kontakt-2\/","name":"Kontakt - Narodowa Fundacja Snu","isPartOf":{"@id":"https:\/\/www.nfs.org.pl\/#website"},"primaryImageOfPage":{"@id":"https:\/\/www.nfs.org.pl\/index.php\/kontakt-2\/#primaryimage"},"image":{"@id":"https:\/\/www.nfs.org.pl\/index.php\/kontakt-2\/#primaryimage"},"thumbnailUrl":"https:\/\/i0.wp.com\/www.nfs.org.pl\/wp-content\/uploads\/2017\/02\/3000x2.jpg?fit=2000%2C1200&ssl=1","datePublished":"2017-02-07T15:25:12+00:00","dateModified":"2024-06-28T18:54:54+00:00","breadcrumb":{"@id":"https:\/\/www.nfs.org.pl\/index.php\/kontakt-2\/#breadcrumb"},"inLanguage":"pl-PL","potentialAction":[{"@type":"ReadAction","target":["https:\/\/www.nfs.org.pl\/index.php\/kontakt-2\/"]}]},{"@type":"ImageObject","inLanguage":"pl-PL","@id":"https:\/\/www.nfs.org.pl\/index.php\/kontakt-2\/#primaryimage","url":"https:\/\/i0.wp.com\/www.nfs.org.pl\/wp-content\/uploads\/2017\/02\/3000x2.jpg?fit=2000%2C1200&ssl=1","contentUrl":"https:\/\/i0.wp.com\/www.nfs.org.pl\/wp-content\/uploads\/2017\/02\/3000x2.jpg?fit=2000%2C1200&ssl=1","width":2000,"height":1200},{"@type":"BreadcrumbList","@id":"https:\/\/www.nfs.org.pl\/index.php\/kontakt-2\/#breadcrumb","itemListElement":[{"@type":"ListItem","position":1,"name":"Strona g\u0142\u00f3wna","item":"https:\/\/www.nfs.org.pl\/"},{"@type":"ListItem","position":2,"name":"Kontakt"}]},{"@type":"WebSite","@id":"https:\/\/www.nfs.org.pl\/#website","url":"https:\/\/www.nfs.org.pl\/","name":"Narodowa Fundacja Snu","description":"Sen to 1\/3 Twojego \u017cycia. Pami\u0119taj o nim!","publisher":{"@id":"https:\/\/www.nfs.org.pl\/#organization"},"potentialAction":[{"@type":"SearchAction","target":{"@type":"EntryPoint","urlTemplate":"https:\/\/www.nfs.org.pl\/?s={search_term_string}"},"query-input":{"@type":"PropertyValueSpecification","valueRequired":true,"valueName":"search_term_string"}}],"inLanguage":"pl-PL"},{"@type":"Organization","@id":"https:\/\/www.nfs.org.pl\/#organization","name":"Narodowa Fundacja Snu","url":"https:\/\/www.nfs.org.pl\/","logo":{"@type":"ImageObject","inLanguage":"pl-PL","@id":"https:\/\/www.nfs.org.pl\/#\/schema\/logo\/image\/","url":"https:\/\/i0.wp.com\/www.nfs.org.pl\/wp-content\/uploads\/2020\/03\/cropped-NFS-logo-big-granat-transparent-v2.png?fit=486%2C250&ssl=1","contentUrl":"https:\/\/i0.wp.com\/www.nfs.org.pl\/wp-content\/uploads\/2020\/03\/cropped-NFS-logo-big-granat-transparent-v2.png?fit=486%2C250&ssl=1","width":486,"height":250,"caption":"Narodowa Fundacja Snu"},"image":{"@id":"https:\/\/www.nfs.org.pl\/#\/schema\/logo\/image\/"},"sameAs":["https:\/\/www.facebook.com\/Narodowa.Fundacja.Snu\/"]}]}},"jetpack_sharing_enabled":true,"_links":{"self":[{"href":"https:\/\/www.nfs.org.pl\/index.php\/wp-json\/wp\/v2\/pages\/44"}],"collection":[{"href":"https:\/\/www.nfs.org.pl\/index.php\/wp-json\/wp\/v2\/pages"}],"about":[{"href":"https:\/\/www.nfs.org.pl\/index.php\/wp-json\/wp\/v2\/types\/page"}],"author":[{"embeddable":true,"href":"https:\/\/www.nfs.org.pl\/index.php\/wp-json\/wp\/v2\/users\/1"}],"replies":[{"embeddable":true,"href":"https:\/\/www.nfs.org.pl\/index.php\/wp-json\/wp\/v2\/comments?post=44"}],"version-history":[{"count":1,"href":"https:\/\/www.nfs.org.pl\/index.php\/wp-json\/wp\/v2\/pages\/44\/revisions"}],"predecessor-version":[{"id":1169,"href":"https:\/\/www.nfs.org.pl\/index.php\/wp-json\/wp\/v2\/pages\/44\/revisions\/1169"}],"wp:featuredmedia":[{"embeddable":true,"href":"https:\/\/www.nfs.org.pl\/index.php\/wp-json\/wp\/v2\/media\/241"}],"wp:attachment":[{"href":"https:\/\/www.nfs.org.pl\/index.php\/wp-json\/wp\/v2\/media?parent=44"}],"curies":[{"name":"wp","href":"https:\/\/api.w.org\/{rel}","templated":true}]}}