{"id":869,"date":"2021-02-14T19:28:35","date_gmt":"2021-02-14T18:28:35","guid":{"rendered":"http:\/\/www.nfs.org.pl\/?page_id=869"},"modified":"2021-03-12T18:36:55","modified_gmt":"2021-03-12T17:36:55","slug":"swiatowy-dzien-snu-2021","status":"publish","type":"page","link":"https:\/\/www.nfs.org.pl\/index.php\/dzialalnosc\/swiatowy-dzien-snu\/swiatowy-dzien-snu-2021\/","title":{"rendered":"\u015awiatowy Dzie\u0144 Snu 2021"},"content":{"rendered":"\n<h2 class=\"wp-block-heading\"><strong>14-ty \u015awiatowy Dzie\u0144 Snu obchodzony jest 19.03.2021 r.<\/strong><\/h2>\n\n\n\n<h4 class=\"wp-block-heading\">Tegoroczne has\u0142o to &#8222;Regularny sen, zdrowa przysz\u0142o\u015b\u0107&#8221; (&#8222;Regular Sleep, Healthy Future&#8221;).<\/h4>\n\n\n\n<p>Has\u0142em przewodnim 14. dorocznego \u015awiatowego Dnia Snu\u00ae (WSD &#8211; World Sleep Day) jest &#8222;Regularny sen, zdrowa przysz\u0142o\u015b\u0107&#8221;. WSD jest wezwaniem dla wszystkich profesjonalist\u00f3w zajmuj\u0105cych si\u0119 snem do or\u0119downictwa i edukowania \u015bwiata na temat znaczenia snu dla osi\u0105gni\u0119cia optymalnej jako\u015bci \u017cycia i poprawy globalnego stanu zdrowia.<\/p>\n\n\n\n<p>Nacisk k\u0142adziony w roku 2021 na regularny sen jest oparty na korzy\u015bciach, jakie oferuje powtarzalny wzorzec cyklu sen-czuwanie. Badania wykaza\u0142y, \u017ce stabilne godziny k\u0142adzenia si\u0119 spa\u0107 i wstawania z \u0142\u00f3\u017cka wi\u0105\u017c\u0105 si\u0119 z lepsz\u0105 jako\u015bci\u0105 snu u m\u0142odych, doros\u0142ych w \u015brednim wieku i senior\u00f3w. Osoby regularnie \u015bpi\u0105ce maj\u0105 lepszy nastr\u00f3j, sprawno\u015b\u0107 psychomotoryczn\u0105 i lepsze wyniki w nauce.<\/p>\n\n\n\n<p>Jak zapewni\u0107 sobie regularny sen? Musimy pami\u0119ta\u0107 o dw\u00f3ch procesach, kt\u00f3re reguluj\u0105 zar\u00f3wno czas, jak i d\u0142ugo\u015b\u0107 snu: Regulacja oko\u0142odobowa (proces C) i kontrola homeostatyczna (proces S) znane r\u00f3wnie\u017c jako dwuprocesowy model snu. Mimo \u017ce na sen wp\u0142ywa wiele innych czynnik\u00f3w, takich jak \u015brodowisko, stres i leki, zrozumienie tych dw\u00f3ch proces\u00f3w pomo\u017ce nam w d\u0105\u017ceniu do uzyskania sp\u00f3jnego harmonogramu snu. Proces C odnosi si\u0119 do naszego wewn\u0119trznego zegara, regulowanego przez cz\u0119\u015b\u0107 naszego m\u00f3zgu zwan\u0105 j\u0105drem nadskrzy\u017cowaniowym (SCN) podwzg\u00f3rza. Zegar ten reguluje i kontroluje 24-godzinny cykl snu i czuwania poprzez wp\u0142yw \u015bwiat\u0142a i melatoniny. W czasie gdy brak \u015bwiat\u0142a (jak w godzinach wieczornych) jest produkowana melatonina promuj\u0105c sen, natomiast w obecno\u015bci \u015bwiat\u0142a produkcja melatoniny ustaje, sygnalizuj\u0105c naszemu m\u00f3zgowi, \u017ce jest dzie\u0144 i musimy si\u0119 obudzi\u0107. Nasze zachowanie mo\u017ce zignorowa\u0107 te naturalne sygna\u0142y. Na przyk\u0142ad, jasne \u015bwiat\u0142a w nocy wy\u0142\u0105czaj\u0105 produkcj\u0119 melatoniny, op\u00f3\u017aniaj\u0105c sen do p\u00f3\u017anych godzin nocnych.<\/p>\n\n\n\n<p>Proces S promuje sen na podstawie wcze\u015bniejszego czasu, jaki sp\u0119dzili\u015bmy na czuwaniu. Podczas czuwania nasz m\u00f3zg gromadzi substancje (adenozyn\u0119), kt\u00f3re promuj\u0105 sen, a kiedy \u015bpimy, substancje te s\u0105 usuwane i jeste\u015bmy znowu czujni. Proces ten jest szczeg\u00f3lnie wa\u017cny, gdy ucinamy sobie popo\u0142udniowe drzemki, poniewa\u017c w ten spos\u00f3b wyczerpujemy substancje promuj\u0105ce sen i nie jeste\u015bmy w stanie zasn\u0105\u0107 wieczorem o rozs\u0105dnej porze.<\/p>\n\n\n\n<p>Najlepszy sen jest wtedy, gdy zsynchronizujemy nasze czasy snu i czuwania z naszym wewn\u0119trznym zegarem i nasz\u0105 sk\u0142onno\u015bci\u0105 do snu, d\u0105\u017c\u0105c do idealnej r\u00f3wnowagi pomi\u0119dzy procesem C i procesem S.<\/p>\n\n\n\n<p>Wa\u017cne jest, aby pami\u0119ta\u0107, \u017ce sen jest zaanga\u017cowany w wiele proces\u00f3w fizjologicznych, takich jak konsolidacja pami\u0119ci, kontrola stan\u00f3w zapalnych, regulacja hormonalna, regulacja uk\u0142adu kr\u0105\u017cenia i wiele innych wa\u017cnych funkcji. Niewystarczaj\u0105ca d\u0142ugo\u015b\u0107 snu i niska jako\u015b\u0107 snu b\u0119d\u0105 zwi\u0105zane z kilkoma znacz\u0105cymi niekorzystnymi skutkami zdrowotnymi. Wykazano, \u017ce skr\u00f3cenie czasu trwania snu powoduje upo\u015bledzenie funkcji poznawczych i wykonawczych, a z\u0142y sen wi\u0105\u017ce si\u0119 z gorszym zdrowiem psychicznym.<\/p>\n\n\n\n<p>Wiemy, \u017ce regularne k\u0142adzenie si\u0119 spa\u0107 i budzenie ka\u017cdego dnia wi\u0105\u017ce si\u0119 z lepsz\u0105 jako\u015bci\u0105 i d\u0142ugo\u015bci\u0105 snu. Regularny sen jest doskona\u0142ym sposobem na rozpocz\u0119cie ka\u017cdego dnia w zdrowy spos\u00f3b &#8211; toruj\u0105c sobie drog\u0119 do zdrowszej przysz\u0142o\u015bci. Mo\u017cna przyj\u0105\u0107 nast\u0119puj\u0105ce zasady, aby osi\u0105gn\u0105\u0107 regularny sen. Po pierwsze, ekspozycja na naturalne jasne \u015bwiat\u0142o dzienne i aktywno\u015b\u0107 fizyczna o poranku pomaga zsynchronizowa\u0107 zegar biologiczny. Po drugie, w\u0142\u0105czenie wi\u0119kszej ilo\u015bci aktywno\u015bci fizycznej i ruchu do codziennego \u017cycia. Po trzecie, wieczorem, przeznaczenie wystarczaj\u0105cej ilo\u015bci czasu na wyciszenie si\u0119 i oderwanie od rzeczywisto\u015bci jest kluczowe dla zainicjowania snu. Ponadto dobra kontrola bod\u017ac\u00f3w (wstawanie z \u0142\u00f3\u017cka, je\u015bli nie mo\u017cesz zasn\u0105\u0107) pomo\u017ce w funkcjonowaniu systemu. Po\u0142\u0105czenie tych element\u00f3w &#8211; rozpocz\u0119cie poranka, aktywno\u015b\u0107 w ci\u0105gu dnia, przygotowanie wieczoru i zabezpieczenie si\u0119 przed nocnymi zak\u0142\u00f3ceniami &#8211; pomo\u017ce w poszukiwaniu regularnego rytmu snu.<\/p>\n\n\n\n<h4 class=\"wp-block-heading\">informacje og\u00f3lne<\/h4>\n\n\n\n<ul class=\"wp-block-list\"><li>\u015awiatowy Dzie\u0144 Snu (World Sleep Day &#8211; WSD) jest dorocznym wydarzeniem, kt\u00f3re ma za zadanie podnie\u015b\u0107 poziom \u015bwiadomo\u015bci o zaburzeniach snu i zwi\u0105zanych z nimi obci\u0105\u017ceniach spo\u0142ecznych.<\/li><li>Wi\u0119kszo\u015bci zaburze\u0144 snu mo\u017cna zapobiega\u0107 b\u0105d\u017a je leczy\u0107 jednak mniej ni\u017c 1\/3 chorych szuka pomocy u lekarza specjalisty.<\/li><li>Problemy zwi\u0105zane ze snem s\u0105 globaln\u0105 epidemi\u0105, kt\u00f3ra zagra\u017ca zdrowiu i jako\u015bci \u017cycia 45% \u015bwiatowej populacji.<\/li><li>Lepsze zrozumienie i wi\u0119ksza ilo\u015b\u0107 bada\u0144 naukowych na temat snu pomo\u017ce zredukowa\u0107 spo\u0142eczne obci\u0105\u017cenia pochodz\u0105ce od zaburze\u0144 snu.<\/li><li>Trzy podstawowe elementy, sk\u0142adaj\u0105ce si\u0119 na dobr\u0105 jako\u015b\u0107 snu to:<\/li><\/ul>\n\n\n\n<ol class=\"wp-block-list\"><li><strong>Czas trwania:<\/strong> powinien by\u0107 do\u015b\u0107 d\u0142ugi aby osoba \u015bpi\u0105ca czu\u0142a si\u0119 wypocz\u0119ta i czujna nast\u0119pnego dnia.<\/li><li><strong>Ci\u0105g\u0142o\u015b\u0107:<\/strong> okres snu powinien by\u0107 nieprzerwany.<\/li><li><strong>G\u0142\u0119boko\u015b\u0107:<\/strong> sen powinien by\u0107 do\u015b\u0107 g\u0142\u0119boki aby dawa\u0107 wypoczynek.<\/li><\/ol>\n\n\n\n<p><a href=\"https:\/\/www.nfs.org.pl\/index.php\/dzialalnosc\/swiatowy-dzien-snu\/swiatowy-dzien-snu-2021-co-gdzie-kiedy\/\">\u015awiatowy Dzie\u0144 Snu 2021 &#8211; co, gdzie, kiedy?<\/a><\/p>\n","protected":false},"excerpt":{"rendered":"<p>14-ty \u015awiatowy Dzie\u0144 Snu obchodzony jest 19.03.2021 r. Tegoroczne has\u0142o to &#8222;Regularny sen, zdrowa przysz\u0142o\u015b\u0107&#8221; (&#8222;Regular Sleep, Healthy Future&#8221;). Has\u0142em przewodnim 14. dorocznego \u015awiatowego Dnia Snu\u00ae (WSD &#8211; World Sleep Day) jest &#8222;Regularny sen, zdrowa przysz\u0142o\u015b\u0107&#8221;. WSD jest wezwaniem dla wszystkich profesjonalist\u00f3w zajmuj\u0105cych si\u0119 snem do or\u0119downictwa i edukowania \u015bwiata na temat znaczenia snu dla &hellip; <\/p>\n<p class=\"link-more\"><a href=\"https:\/\/www.nfs.org.pl\/index.php\/dzialalnosc\/swiatowy-dzien-snu\/swiatowy-dzien-snu-2021\/\" class=\"more-link\">Czytaj dalej<span class=\"screen-reader-text\"> \u201e\u015awiatowy Dzie\u0144 Snu 2021\u201d<\/span><\/a><\/p>\n","protected":false},"author":1,"featured_media":0,"parent":114,"menu_order":0,"comment_status":"closed","ping_status":"closed","template":"","meta":{"footnotes":""},"class_list":["post-869","page","type-page","status-publish","hentry"],"yoast_head":"<!-- This site is optimized with the Yoast SEO plugin v25.6 - https:\/\/yoast.com\/wordpress\/plugins\/seo\/ -->\n<title>\u015awiatowy Dzie\u0144 Snu 2021 - Narodowa Fundacja Snu<\/title>\n<meta name=\"description\" content=\"\u015awiatowy Dzie\u0144 Snu 2021. 19.03.2021. Regularny sen, zdrowa przysz\u0142o\u015b\u0107. Regular Sleep, Healthy Future. Zadbaj o sw\u00f3j sen!\" \/>\n<meta name=\"robots\" content=\"index, follow, max-snippet:-1, max-image-preview:large, max-video-preview:-1\" \/>\n<link rel=\"canonical\" href=\"https:\/\/www.nfs.org.pl\/index.php\/dzialalnosc\/swiatowy-dzien-snu\/swiatowy-dzien-snu-2021\/\" \/>\n<meta property=\"og:locale\" content=\"pl_PL\" \/>\n<meta property=\"og:type\" content=\"article\" \/>\n<meta property=\"og:title\" content=\"\u015awiatowy Dzie\u0144 Snu 2021 - Narodowa Fundacja Snu\" \/>\n<meta property=\"og:description\" content=\"\u015awiatowy Dzie\u0144 Snu 2021. 19.03.2021. Regularny sen, zdrowa przysz\u0142o\u015b\u0107. Regular Sleep, Healthy Future. Zadbaj o sw\u00f3j sen!\" \/>\n<meta property=\"og:url\" content=\"https:\/\/www.nfs.org.pl\/index.php\/dzialalnosc\/swiatowy-dzien-snu\/swiatowy-dzien-snu-2021\/\" \/>\n<meta property=\"og:site_name\" content=\"Narodowa Fundacja Snu\" \/>\n<meta property=\"article:publisher\" content=\"https:\/\/www.facebook.com\/Narodowa.Fundacja.Snu\/\" \/>\n<meta property=\"article:modified_time\" content=\"2021-03-12T17:36:55+00:00\" \/>\n<meta name=\"twitter:card\" content=\"summary_large_image\" \/>\n<meta name=\"twitter:label1\" content=\"Szacowany czas czytania\" \/>\n\t<meta name=\"twitter:data1\" content=\"3 minuty\" \/>\n<script type=\"application\/ld+json\" class=\"yoast-schema-graph\">{\"@context\":\"https:\/\/schema.org\",\"@graph\":[{\"@type\":\"WebPage\",\"@id\":\"https:\/\/www.nfs.org.pl\/index.php\/dzialalnosc\/swiatowy-dzien-snu\/swiatowy-dzien-snu-2021\/\",\"url\":\"https:\/\/www.nfs.org.pl\/index.php\/dzialalnosc\/swiatowy-dzien-snu\/swiatowy-dzien-snu-2021\/\",\"name\":\"\u015awiatowy Dzie\u0144 Snu 2021 - Narodowa Fundacja Snu\",\"isPartOf\":{\"@id\":\"https:\/\/www.nfs.org.pl\/#website\"},\"datePublished\":\"2021-02-14T18:28:35+00:00\",\"dateModified\":\"2021-03-12T17:36:55+00:00\",\"description\":\"\u015awiatowy Dzie\u0144 Snu 2021. 19.03.2021. Regularny sen, zdrowa przysz\u0142o\u015b\u0107. Regular Sleep, Healthy Future. Zadbaj o sw\u00f3j sen!\",\"breadcrumb\":{\"@id\":\"https:\/\/www.nfs.org.pl\/index.php\/dzialalnosc\/swiatowy-dzien-snu\/swiatowy-dzien-snu-2021\/#breadcrumb\"},\"inLanguage\":\"pl-PL\",\"potentialAction\":[{\"@type\":\"ReadAction\",\"target\":[\"https:\/\/www.nfs.org.pl\/index.php\/dzialalnosc\/swiatowy-dzien-snu\/swiatowy-dzien-snu-2021\/\"]}]},{\"@type\":\"BreadcrumbList\",\"@id\":\"https:\/\/www.nfs.org.pl\/index.php\/dzialalnosc\/swiatowy-dzien-snu\/swiatowy-dzien-snu-2021\/#breadcrumb\",\"itemListElement\":[{\"@type\":\"ListItem\",\"position\":1,\"name\":\"Strona g\u0142\u00f3wna\",\"item\":\"https:\/\/www.nfs.org.pl\/\"},{\"@type\":\"ListItem\",\"position\":2,\"name\":\"Dzia\u0142alno\u015b\u0107\",\"item\":\"https:\/\/www.nfs.org.pl\/index.php\/dzialalnosc\/\"},{\"@type\":\"ListItem\",\"position\":3,\"name\":\"\u015awiatowy Dzie\u0144 Snu\",\"item\":\"https:\/\/www.nfs.org.pl\/index.php\/dzialalnosc\/swiatowy-dzien-snu\/\"},{\"@type\":\"ListItem\",\"position\":4,\"name\":\"\u015awiatowy Dzie\u0144 Snu 2021\"}]},{\"@type\":\"WebSite\",\"@id\":\"https:\/\/www.nfs.org.pl\/#website\",\"url\":\"https:\/\/www.nfs.org.pl\/\",\"name\":\"Narodowa Fundacja Snu\",\"description\":\"Sen to 1\/3 Twojego \u017cycia. Pami\u0119taj o nim!\",\"publisher\":{\"@id\":\"https:\/\/www.nfs.org.pl\/#organization\"},\"potentialAction\":[{\"@type\":\"SearchAction\",\"target\":{\"@type\":\"EntryPoint\",\"urlTemplate\":\"https:\/\/www.nfs.org.pl\/?s={search_term_string}\"},\"query-input\":{\"@type\":\"PropertyValueSpecification\",\"valueRequired\":true,\"valueName\":\"search_term_string\"}}],\"inLanguage\":\"pl-PL\"},{\"@type\":\"Organization\",\"@id\":\"https:\/\/www.nfs.org.pl\/#organization\",\"name\":\"Narodowa Fundacja Snu\",\"url\":\"https:\/\/www.nfs.org.pl\/\",\"logo\":{\"@type\":\"ImageObject\",\"inLanguage\":\"pl-PL\",\"@id\":\"https:\/\/www.nfs.org.pl\/#\/schema\/logo\/image\/\",\"url\":\"https:\/\/i0.wp.com\/www.nfs.org.pl\/wp-content\/uploads\/2020\/03\/cropped-NFS-logo-big-granat-transparent-v2.png?fit=486%2C250&ssl=1\",\"contentUrl\":\"https:\/\/i0.wp.com\/www.nfs.org.pl\/wp-content\/uploads\/2020\/03\/cropped-NFS-logo-big-granat-transparent-v2.png?fit=486%2C250&ssl=1\",\"width\":486,\"height\":250,\"caption\":\"Narodowa Fundacja Snu\"},\"image\":{\"@id\":\"https:\/\/www.nfs.org.pl\/#\/schema\/logo\/image\/\"},\"sameAs\":[\"https:\/\/www.facebook.com\/Narodowa.Fundacja.Snu\/\"]}]}<\/script>\n<!-- \/ Yoast SEO plugin. -->","yoast_head_json":{"title":"\u015awiatowy Dzie\u0144 Snu 2021 - Narodowa Fundacja Snu","description":"\u015awiatowy Dzie\u0144 Snu 2021. 19.03.2021. Regularny sen, zdrowa przysz\u0142o\u015b\u0107. Regular Sleep, Healthy Future. Zadbaj o sw\u00f3j sen!","robots":{"index":"index","follow":"follow","max-snippet":"max-snippet:-1","max-image-preview":"max-image-preview:large","max-video-preview":"max-video-preview:-1"},"canonical":"https:\/\/www.nfs.org.pl\/index.php\/dzialalnosc\/swiatowy-dzien-snu\/swiatowy-dzien-snu-2021\/","og_locale":"pl_PL","og_type":"article","og_title":"\u015awiatowy Dzie\u0144 Snu 2021 - Narodowa Fundacja Snu","og_description":"\u015awiatowy Dzie\u0144 Snu 2021. 19.03.2021. Regularny sen, zdrowa przysz\u0142o\u015b\u0107. Regular Sleep, Healthy Future. Zadbaj o sw\u00f3j sen!","og_url":"https:\/\/www.nfs.org.pl\/index.php\/dzialalnosc\/swiatowy-dzien-snu\/swiatowy-dzien-snu-2021\/","og_site_name":"Narodowa Fundacja Snu","article_publisher":"https:\/\/www.facebook.com\/Narodowa.Fundacja.Snu\/","article_modified_time":"2021-03-12T17:36:55+00:00","twitter_card":"summary_large_image","twitter_misc":{"Szacowany czas czytania":"3 minuty"},"schema":{"@context":"https:\/\/schema.org","@graph":[{"@type":"WebPage","@id":"https:\/\/www.nfs.org.pl\/index.php\/dzialalnosc\/swiatowy-dzien-snu\/swiatowy-dzien-snu-2021\/","url":"https:\/\/www.nfs.org.pl\/index.php\/dzialalnosc\/swiatowy-dzien-snu\/swiatowy-dzien-snu-2021\/","name":"\u015awiatowy Dzie\u0144 Snu 2021 - Narodowa Fundacja Snu","isPartOf":{"@id":"https:\/\/www.nfs.org.pl\/#website"},"datePublished":"2021-02-14T18:28:35+00:00","dateModified":"2021-03-12T17:36:55+00:00","description":"\u015awiatowy Dzie\u0144 Snu 2021. 19.03.2021. Regularny sen, zdrowa przysz\u0142o\u015b\u0107. Regular Sleep, Healthy Future. Zadbaj o sw\u00f3j sen!","breadcrumb":{"@id":"https:\/\/www.nfs.org.pl\/index.php\/dzialalnosc\/swiatowy-dzien-snu\/swiatowy-dzien-snu-2021\/#breadcrumb"},"inLanguage":"pl-PL","potentialAction":[{"@type":"ReadAction","target":["https:\/\/www.nfs.org.pl\/index.php\/dzialalnosc\/swiatowy-dzien-snu\/swiatowy-dzien-snu-2021\/"]}]},{"@type":"BreadcrumbList","@id":"https:\/\/www.nfs.org.pl\/index.php\/dzialalnosc\/swiatowy-dzien-snu\/swiatowy-dzien-snu-2021\/#breadcrumb","itemListElement":[{"@type":"ListItem","position":1,"name":"Strona g\u0142\u00f3wna","item":"https:\/\/www.nfs.org.pl\/"},{"@type":"ListItem","position":2,"name":"Dzia\u0142alno\u015b\u0107","item":"https:\/\/www.nfs.org.pl\/index.php\/dzialalnosc\/"},{"@type":"ListItem","position":3,"name":"\u015awiatowy Dzie\u0144 Snu","item":"https:\/\/www.nfs.org.pl\/index.php\/dzialalnosc\/swiatowy-dzien-snu\/"},{"@type":"ListItem","position":4,"name":"\u015awiatowy Dzie\u0144 Snu 2021"}]},{"@type":"WebSite","@id":"https:\/\/www.nfs.org.pl\/#website","url":"https:\/\/www.nfs.org.pl\/","name":"Narodowa Fundacja Snu","description":"Sen to 1\/3 Twojego \u017cycia. Pami\u0119taj o nim!","publisher":{"@id":"https:\/\/www.nfs.org.pl\/#organization"},"potentialAction":[{"@type":"SearchAction","target":{"@type":"EntryPoint","urlTemplate":"https:\/\/www.nfs.org.pl\/?s={search_term_string}"},"query-input":{"@type":"PropertyValueSpecification","valueRequired":true,"valueName":"search_term_string"}}],"inLanguage":"pl-PL"},{"@type":"Organization","@id":"https:\/\/www.nfs.org.pl\/#organization","name":"Narodowa Fundacja Snu","url":"https:\/\/www.nfs.org.pl\/","logo":{"@type":"ImageObject","inLanguage":"pl-PL","@id":"https:\/\/www.nfs.org.pl\/#\/schema\/logo\/image\/","url":"https:\/\/i0.wp.com\/www.nfs.org.pl\/wp-content\/uploads\/2020\/03\/cropped-NFS-logo-big-granat-transparent-v2.png?fit=486%2C250&ssl=1","contentUrl":"https:\/\/i0.wp.com\/www.nfs.org.pl\/wp-content\/uploads\/2020\/03\/cropped-NFS-logo-big-granat-transparent-v2.png?fit=486%2C250&ssl=1","width":486,"height":250,"caption":"Narodowa Fundacja Snu"},"image":{"@id":"https:\/\/www.nfs.org.pl\/#\/schema\/logo\/image\/"},"sameAs":["https:\/\/www.facebook.com\/Narodowa.Fundacja.Snu\/"]}]}},"jetpack_sharing_enabled":true,"_links":{"self":[{"href":"https:\/\/www.nfs.org.pl\/index.php\/wp-json\/wp\/v2\/pages\/869"}],"collection":[{"href":"https:\/\/www.nfs.org.pl\/index.php\/wp-json\/wp\/v2\/pages"}],"about":[{"href":"https:\/\/www.nfs.org.pl\/index.php\/wp-json\/wp\/v2\/types\/page"}],"author":[{"embeddable":true,"href":"https:\/\/www.nfs.org.pl\/index.php\/wp-json\/wp\/v2\/users\/1"}],"replies":[{"embeddable":true,"href":"https:\/\/www.nfs.org.pl\/index.php\/wp-json\/wp\/v2\/comments?post=869"}],"version-history":[{"count":0,"href":"https:\/\/www.nfs.org.pl\/index.php\/wp-json\/wp\/v2\/pages\/869\/revisions"}],"up":[{"embeddable":true,"href":"https:\/\/www.nfs.org.pl\/index.php\/wp-json\/wp\/v2\/pages\/114"}],"wp:attachment":[{"href":"https:\/\/www.nfs.org.pl\/index.php\/wp-json\/wp\/v2\/media?parent=869"}],"curies":[{"name":"wp","href":"https:\/\/api.w.org\/{rel}","templated":true}]}}